-3 - 1)
-5
-8 + 3 + 3 + -1 + 2
-1
2 - 14 - (-36 + 27)
-3
What is 3 - (3 - (10 + -7))?
3
What is 9 + -6 - -6 - 5?
4
What is the value of (-1 - 5) + 5 + -5?
-6
Calculate 0 + (2 + -10 - -10).
2
What is 0 + -2 + (0 - -4)?
2
What is the value of -11 - (2 + (0 - 11))?
-2
Evaluate (8 - 9) + (1 - 0).
0
Calculate -5 + (-4 - -1 - -11).
3
Evaluate (-1 - 2 - 4) + (1 - 1).
-7
Calculate -1 + 1 - (-6 - (1 - 11)).
-4
4 + (-11 - -4 - -3 - 5)
-5
Calculate 7 + -7 - (1 + 3).
-4
Evaluate 5 - (0 + -1 + 4).
2
What is the value of -3 + (-5 - -8) + -3?
-3
What is the value of (10 - -1) + -10 - -3?
4
Calculate (0 - -3) + (2 + 2 - 0).
7
-4 - (-1 - (-1 + 7))
3
Calculate -1 + (-6 - -11) + 2.
6
-5 + (-1 - (-7 - -3)) + 4
2
Calculate 0 + -11 + -8 + 18.
-1
What is the value of -1 + (-3 - -4) + -3 - -3?
0
Evaluate 9 + -16 + (-1 - 1) + 8.
-1
What is 5 + 0 + (-6 - 0) + -6?
-7
Evaluate -4 - ((-10 - -7) + -7).
6
Evaluate (-9 - -3) + (-1 + 1 - 0).
-6
What is 0 + 0 + -3 + -1?
-4
What is the value of (-2 - -1 - (-4 - -1)) + -1?
1
(-3 - 9) + 10 + (1 - 2)
-3
Calculate 6 + -6 + 3 - -2.
5
(4 - 1) + (12 - 16)
-1
Evaluate (1 - -7) + (-8 - -4).
4
0 - 3 - -2 - (1 + 3)
-5
What is -9 + (-1 - (-3 + 1) - -3)?
-5
Calculate -10 - (1 - (1 + 6)).
-4
Evaluate 2 - 4 - (-4 - -3).
-1
Calculate 7 - (-2 - -4 - 0).
5
Calculate 1 + 0 + (-48 - -50).
3
4 + -11 + (11 - -5)
9
What is -5 + -5 + -5 + 12?
-3
What is the value of 3 + -6 + (2 - (-6 - -4))?
1
Calculate -1 + (-1 - 0) - -5.
3
2 + -11 + -1 + 5
-5
Calculate (-6 - -14 - 4) + (-1 - -4).
7
Evaluate (-1 - (1 - (8 + -5))) + -2.
-1
Calculate (-5 + -1 - -2) + 6.
2
What is the value of 2 - 4 - (2 + -4 - -5)?
-5
What is 4 + -5 + 2 + 0?
1
What is -4 + -13 + 11 + (5 - 0)?
-1
-8 - (3 + 0 + -5 + -6)
0
What is the value of (2 - (-1 - -2)) + -4 + 3?
0
What is the value of 4 + (-1 - (4 - 3)) + 2?
4
-14 + (0 - -6) - (-1 - 2)
-5
Calculate 10 + -17 + 4 + 5.
2
(-1 - -6 - (1 - 1)) + -3
2
Evaluate 9 - 8 - (3 - 2).
0
What is the value of -20 + 12 + 6 + 3 + 1?
2
Calculate -10 + 10 + -2 - (-1 - 4).
3
-1 - (-1 + 2 - 3)
1
Calculate -10 + 0 + 2 - -12.
4
What is the value of (-8 - -6) + (-4 - (3 + -10))?
1
What is 5 - (-3 + 8) - (1 - -1)?
-2
(0 - (-4 + (-1 - 0))) + -2
3
What is the value of (11 - 11) + -3 - (2 + 0)?
-5
What is -1 - 2 - (10 + -4 - 9)?
0
Evaluate 10 + (5 - 1 - 9).
5
What is -3 + (5 - 5) - 3?
-6
What is the value of -5 + 2 + 8 + -3 + -6?
-4
What is -4 + -10 + -6 + 12?
-8
Evaluate 1 - -7 - (-7 - (-23 + 16)).
8
Evaluate 7 - 13 - (-5 + (7 - 13)).
5
What is the value of -6 + 2 - (-6 + -2)?
4
0 + 2 + (5 - 7)
0
What is 5 - 7 - -8 - 3?
3
What is (-16 - (-7 + 0 - -1)) + 7?
-3
-9 - (-2 - 0) - (-15 - -9)
-1
2 + -2 - 1 - (-7 - -2)
4
(-8 - (-4 - 1)) + (-2 - -1)
-4
What is -60 - -55 - (-1 + 5)?
-9
Calculate -4 + (-5 - (2 + 0 - 6)).
-5
Calculate 2 + 2 + 0 + -3 - 0.
1
Evaluate 1 - 11 - (8 - 12).
-6
Calculate 1 + (1 - (-1 - -2)) + -6.
-5
What is the value of -3 + -1 - (6 - (-16 - -17))?
-9
6 + -6 + (6 - 3)
3
What is the value of 2 + (-5 - (-2 - -3))?
-4
What is 4 + (0 - (4 - 4))?
4
Evaluate -9 + -11 + 9 - -11.
0
Calculate 9 + 23 + -17 + (2 - 13).
4
Calculate -3 + (3 - (-2 - (-7 - -4))).
-1
What is 11 + -7 + (1 - 9)?
-4
Evaluate (4 - 3) + 2 + -6 - -1.
-2
What is the value of (-1 - (-2 + -1)) + -39 + 40?
3
Evaluate 1 + -3 + 3 + (2 - 2).
1
Evaluate -2 - (-3 + (-2 - -7) - 3).
-1
-1 + 7 + (-22 - -14)
-2
What is the value of 0 + (9 + -2 - 3)?
4
(73 - 76) + 4 + (1 - 0)
2
Evaluate (-7 - (-6 - -4)) + (10 - 0).
5
What is the value of -12 + 16 - (-9 + 15)?
-2
Calculate (7 - 11) + -3 + 2.
-5
Calculate (17 - 13) + -12 + -2.
-10
What is the value of 2 - (5 - 6 - -5)?
-2
What is (48 - 45) + (-7 - 2)?
-6
Calculate 6 + -10 + 6 + -5.
-3
Calculate (5 + (-7 - 4) - -5) + 6.
5
Calculate -2 + (17 - 8 - 1).
6
Calculate 3 - (5 - (2 - -2)).
2
What is the value of -1 + (-5 - -3) - (-4 + 5)?
-4
What is 3 - (-8 - -4 - 2) - 5?
4
Evaluate -3 + 20 + 1 + -9.
9
-3 + 4 + (-2 - (-1 + -1))
1
Calculate -2 + 13 + -24 + 15.
2
What is 5 - (3 + -1) - (3 - 2)?
2
Calculate -12 + (5 - 0) + (-1 - -3).
-5
Calculate 9 - 10 - (0 + -5).
4
(4 - 8 - -8) + (2 - 2)
4
What is -1 - (-33 + 28 + 6 + 0)?
-2
Calculate (-4 - (-1 + -3)) + -3.
-3
5 + 2 - (-23 + 33)
-3
Evaluate 7 + (-5 + 5 - 4).
3
5 - (20 - 10 - (2 + 2))
-1
(-3 - 1) + (7 + -4 - 3)
-4
Calculate -4 + 0 + 11 + -3.
4
What is 5 + 0 + -2 - 1?
2
Evaluate 1 + -1 + 2 - (-19 - -20).
1
What is the value of -5 + 5 + 0 + 6 + -3?
3
-5 - ((1 - (5 + -1)) + 1)
-3
What is the value of 12 + -8 + -13 - -4?
-5
What is the value of -7 + (14 - (7 - -1))?
-1
What is 7 + (-2 + -2 - -2)?
5
What is the value of (-3 + 2 - 3) + -3 + 0?
-7
Calculate -4 + -1 + (-2 - (3 + -7)).
-3
Calculate 6 - 2 - (11 + -11).
4
Calculate -1 + (-3 - (-3 + -2 + 3)).
-2
Calculate (0 - 4) + -1 - (-1 - 4).
0
What is -5 - (6 - (1 + 11)) - 9?
-8
2 + -4 + 5 + 1 + -9
-5
What is the value of 3 - (-11 - (-3 + -5))?
6
Evaluate -11 + 1 + 17 + -8 + 1.
0
Evaluate (14 - 10) + 1 + -9.
-4
Evaluate (2 - -3) + (-25 - -9) + 4.
-7
What is the value of (13 - 7) + 0 + -2?
4
What is -4 + 17 + -19 + (1 - 6)?
-11
Evaluate -2 + 6 + (0 + -1 - 4).
-1
-5 + 1 - (-8 - (4 + -5))
3
What is 0 - (-11 - -2 - -5 - -3)?
1
2 - (-7 + (2 - 7) + 10)
4
2 + -2 - (-9 + 18)
-9
(2 - (7 + -5)) + (0 - -3)
3
-2 - 1 - (-24 + 25)
-4
What is the value of -4 + 6 - (-7 + 5)?
4
Calculate 5 + (-3 + -1 - -1) - 8.
-6
Evaluate (-1 - 11 - -1) + -15 + 17.
-9
-7 - -3 - (3 - 12)
5
(16 - -6) + -12 + -2
8
-42 - -36 - (-3 - (0 - -1))
-2
What is the value of 8 - 6 - (1 + -1)?
2
(5 - (5 - 4)) + 2
6
Calculate 5 + (1 - 9) - (-8 + -1).
6
Calculate 1 + (4 - 3 - 5) + 4.
1
Calculate -1 - -2 - (-6 + 2).
5
Calculate (-10 - -1 - -1) + (-131 - -132).
-7
What is the value of -1 - (-5 - 7) - 6?
5
What is (-20 - -22) + 4 + -1?
5
Evaluate 4 + (-7 - 6 - -7).
-2
What is the value of -8 + (8 - (8 - (-2 + 15)))?
5
-8 + 5 - -3 - (2 + 2)
-4
What is -1 + 0 - -5 - 3?
1
Evaluate 0 + 10 + (-1 - 6).
3
Evaluate 8 + -5 - (-1 - -1).
3
Evaluate 1 - ((0 - 1) + 4).
-2
What is (6 - 8) + (-1 - 1 - -3)?
-1
-8 + 1 + (4 - 2)
-5
What is the value of 7 - 0 - (1 + 1 + 2)?
3
What is the value of -4 - (3 + 4 + -7)?
-4
Evaluate -5 + (14 - 21 - (1 + -14)).
1
What is -271 + 268 + (0 - 0 - 0)?
-3
Calculate (-29 - -8) + 10 - -15.
4
10 - (4 + -7 + 7)
6
What is the value of 0 - 1 - (19 + -25)?
5
Evaluate (-10 - -16) + 1 + (0 - 0).
7
What is the value of -4 - (-5 + 9 + -1 + -4)?
-3
What is 4 - (9 - 9) - (0 - 0)?
4
What is 11 + 5 + -8 + -4 + -10?
-6
6 - 5 - (0 - 2 - 1)
4
Evaluate -3 - ((-4 - 0) + 6 + -5).
0
Calculate (3 - (0 + 6)) + 1 - 1.
-3
What is the value of 2 - -2 - ((15 - 11) + -4)?
4
What is 3 + (-3 - -3) + -3 + 4?
4
Calculate 0 - ((11 - 19) + (1 - -4)).
3
What is the value of 1 - (11 + (-5 - (-7 + 6)))?
-6
What is 0 - (-11 - (2 - 8))?
5
30 + -33 - (-1 + 0)
-2
-4 + (7 - (-2 + 1))
4
Evaluate -5 - (1 + (1 - 5) - -6).
-8
Evaluate -5 + -3 + 5 - -4.
1
What is -6 + (-1 - 0) + (4 - -7)?
4
Evaluate (3 + (-8 - -5) - 11) + 3.
-8
What is the value of -7 + (-2 - -6) - (1 + 1)?
-5
What is the value of 3 + 2 + -1 + -12 - -4?
-4
Calculate 2 + (-5 - (3 + -4)) + 4.
2
Calculate 1 + -2 + (3 + -3 - -2).
1
What is (4 - 2) + -7 + 8 + -3?
0
What is -7 - (-5 + 2) - -2 - 0?
-2
Evaluate 1 - -4 - (-5 - -15 - 9).
4
0 + (3 - (11 + -6))
-2
-11 - (2 + -22 + 11)
-2
Evaluate -5 + 12 + -1 + -5.
1
What is (-35 - -28) + (7 - 3)?
-3
What is the value of 11 + 7 + -7 + -1 + -1?
9
What is the value of -4 + 0 + -1 + 3?
-2
What is 6 + (3 - (-1 - -8)) + 2?
4
Calculate -8 + (-2 - (-7 - -4) - -3).
-4
Calculate 13 + (-2 - ((5 - 2) + 1)).
7
Calculate (-6 - 3) + (-2 - -10).
-1
Evaluate 1 + 9 - (12 + (-25 - -16)).
7
Calculate -3 - (5 + -1 + -6 + 6).
-7
What is the value of (1 - 0) + (-13 - -11)?
-1
What is the value of 0 - 2 - (-14 + 9)?
3
Evaluate -26 - (-15 - 0) - (-3 + -1).
-7
-8 + 3 + 2 + 5
2
Evaluate 1 + (3 - (3 - -1)).
0
Calculate -21 + 15 + (1 - -4).
-1
What is the value of 9 + -11 + (-1 - (4 + -10))?
3
What is the value of 1 + 1 - 4 - (6 - 5)?
-3
What is the value of -1 - -1 - (0 - (-12 - -8))?
-4
Evaluate 3 - 8 - -2 - (1 - -3).
-7
What is the value of 3 - ((5 - 1) + -3)?
2
Calculate (-10 - -2) + (74 - 71).
-5
What is the value of (-2 - -2 - -1) + -2?
-1
Evaluate -4 + (5 - 4) + 1.
-2
Calculate (1 - (9 - 9)) + 1.
2
What is the value of (1 - 2) + -5 + (1 - 0)?
-5
Evaluate -10